ime factors of (l/2)/(6/(-12))?
17
Let u(a) = a**2 + 6. Let w be u(-5). Let x = w - 19. What are the prime factors of x?
2, 3
Suppose 0 = 7*m - 298 + 25. List the prime factors of m.
3, 13
Let r(f) = -f**3 - 9*f**2 - 7*f + 11. What are the prime factors of r(-9)?
2, 37
Let w be 27/6*(-4)/(-6). Suppose 3*n - w - 9 = 0. Suppose -5*a + 24 = n. What are the prime factors of a?
2
Suppose 2*o = -2*f - 2 - 20, -4*f + o = 64. Let n = f + 39. List the prime factors of n.
2, 3
Let h(v) = -v**2 - 15*v - 2. What are the prime factors of h(-13)?
2, 3
Suppose o = -3*o - 56. List the prime factors of 2 - -4 - 3 - o.
17
Let w(v) = v**3 + 9*v**2 - 9*v + 13. Suppose -i = -3*i - 20. List the prime factors of w(i).
3
Let s be 1*18*(-1)/(-3). What are the prime factors of 3/(-6) + 75/s?
2, 3
Let y(h) = -h**3 + 6*h**2 + h - 4. List the prime factors of y(5).
2, 13
Let y = -68 + 98. What are the prime factors of y?
2, 3, 5
Let c = -24 - -16. Let u = -4 - c. Suppose -33 = -u*x + 3. What are the prime factors of x?
3
Suppose 5*d - 14 - 106 = 0. List the prime factors of d.
2, 3
Let n(f) = -2*f - 13. What are the prime factors of n(-14)?
3, 5
Suppose 0 = 12*t - 1172 + 212. What are the prime factors of t?
2, 5
Let p = -482 + 702. List the prime factors of p.
2, 5, 11
Suppose -33 = -3*s + 63. What are the prime factors of s?
2
Let y(t) = 17*t**2 + t. Let h(d) = 34*d**2 + 2*d. Let m(g) = -6*h(g) + 13*y(g). List the prime factors of m(1).
2, 3
Let g = -16 - -27. What are the prime factors of g?
11
List the prime factors of -7*((-10)/(-7))/((-6)/66).
2, 5, 11
Let h = -31 - -58. Let z = -15 + h. What are the prime factors of z?
2, 3
Let l(w) be the second derivative of 15*w**4/4 - w**3/6 - 7*w. What are the prime factors of l(-1)?
2, 23
Let y = -8 + 22. Let u = y + -5. What are the prime factors of u?
3
Let f(q) = 2*q**3 - 5*q**2 + 2*q - 5. What are the prime factors of f(4)?
3, 17
List the prime factors of -4*(27/(-4) + 1).
23
Let b be 2/((-6 - -3)/(-6)). Suppose -b*w = -3*r - 11, 5*w + 2*r - 10 = -2. Suppose -w*z - 20 = -4*z. List the prime factors of z.
2, 5
Suppose 4*j + j = -265. Let h(w) = w**2 + 7*w - 3. Let q be h(-8). What are the prime factors of 2/q + j/(-5)?
11
Let w(y) = -249*y**3 + 2*y + 3. List the prime factors of w(-1).
2, 5
Let a(o) = 22*o**3 - 4*o**2 - 5*o - 4. Let h(i) = -23*i**3 + 5*i**2 + 6*i + 5. Let y(n) = -5*a(n) - 4*h(n). Let z = -76 + 75. List the prime factors of y(z).
17
Suppose 116 = -2*h + 6*h. Suppose w - r - h = r, -3*w - 3*r = -105. List the prime factors of w.
3, 11
Suppose -5*t + 125 - 15 = 0. List the prime factors of t.
2, 11
Suppose -30*y + 29*y + 53 = 0. What are the prime factors of y?
53
Let n(d) be the third derivative of -d**4/12 - d**3/2 - 3*d**2. Suppose 5*c + 7 = -18. What are the prime factors of n(c)?
7
Suppose 0 = -20*q + 14*q + 12. List the prime factors of q.
2
Let i = 7 + -4. Let x = -2 + i. Suppose -n + x = r - 5, 4*r = -5*n + 27. List the prime factors of n.
3
Suppose 4*n - 4*c = 24, 2*n - 2*c = -5*c - 8. Suppose -n = 5*d + 3*k - 135, 3*k = -4*d + 107. Let f = -16 + d. List the prime factors of f.
2, 5
Let m be -1 + (1 - -2) + 6. Let r be (12/m)/(6/16). Suppose 5*x = 4*n + 40, -x - r*x = -n - 55. What are the prime factors of x?
2, 3
Let r be (-12)/18 + (-952)/(-6). List the prime factors of (-1)/(-3) - r/(-3).
53
Suppose -3*m + 0*l + 3 = -3*l, m + 4*l = -4. Suppose 5*u - 16 = o - 2*o, -5*u - 5 = m. What are the prime factors of o?
3, 7
Let m be 64/11 + 6/33. Let t = m + 1. Suppose n - 4*b = -4*n + t, 0 = -2*b + 4. What are the prime factors of n?
3
Let h(u) = 0*u + 1 - 7 + 0*u - 3*u. Let o be h(-4). List the prime factors of (4/o)/(2/51).
17
Suppose 4*y + 70 = -y. What are the prime factors of (-4)/(-14) - 66/y?
5
Let a be 18/(-4)*(-8)/6. Let o = 15 - a. List the prime factors of o.
3
Let i(a) = 12*a + 2 - 4*a**2 + 6*a**2 - 2*a - a**2. Let f be i(-11). Let c(z) = -z**2 + 16*z - 16. List the prime factors of c(f).
23
Let m(y) be the second derivative of 0 + 4*y - 1/12*y**4 + 3/2*y**2 - 1/20*y**5 + 0*y**3. List the prime factors of m(0).
3
Suppose 2*g + 132 = 4*c, -2*g + 42 = 2*c - 18. What are the prime factors of c?
2
Let k(q) = q**3 - q**2 - 2*q - 6. Let d be k(3). Let f(w) = 5*w - 16. List the prime factors of f(d).
2, 7
Let c(f) = -26*f - 13. List the prime factors of c(-7).
13
Let s(b) = -b**3 + 5*b**2 + 2*b + 4. Let d be s(5). Suppose -4*h - 6 = d. Let u(l) = l**2 + 3*l - 7. What are the prime factors of u(h)?
3
Suppose 2*v + 2*j = 30, v - 2*j + 10 = 2*j. Let t(c) = -4*c + 1. Let b(p) = p. Let s(h) = -6*b(h) - 2*t(h). What are the prime factors of s(v)?
2, 3
Let q = 1 + 6. Let y(g) = 2*g - 2. Let a be y(2). Let x = a + q. List the prime factors of x.
3
Let z(h) = -5 + 3 - 3 + 5*h - 1. Let t be z(6). Suppose 0 = u + 2*u - t. List the prime factors of u.
2
Suppose b + 5*x - 206 = 0, 2*b - 266 - 126 = -5*x. What are the prime factors of b?
2, 3, 31
Let l = -111 + 157. List the prime factors of l.
2, 23
Let v be (-10)/12 - -1 - 3743/(-114). Let y(k) = -11*k + 2. Let r be y(2). Let j = v + r. What are the prime factors of j?
13
Let i(w) = -w**2 - 2*w + 4. List the prime factors of i(0).
2
Let l(j) be the third derivative of -j**4/24 + 5*j**3/6 + j**2. What are the prime factors of l(0)?
5
Let x be 3*(2 + -3 + 2). Suppose -3*f + x + 3 = 0. Suppose -j + 0*j = -4*y - 16, 0 = -5*j - f*y + 14. List the prime factors of j.
2
Suppose 24*m = 1463 + 3193. What are the prime factors of m?
2, 97
Let m = -53 + 107. List the prime factors of m.
2, 3
Suppose -2*w = -7*w - 15. Let y(c) = -c**3 - c**2 + 2*c - 3. Let u be y(w). Suppose j - u = 4. What are the prime factors of j?
13
Suppose p = -0*p. Suppose p = n - 0*n - 23. List the prime factors of n.
23
Suppose 8*m + 147 = 1395. List the prime factors of m.
2, 3, 13
Suppose 0 = 3*z - 2*y - 31, -2 = -z + 2*y + 3. What are the prime factors of z?
13
Let k = 6 + 17. What are the prime factors of k?
23
Let y be 1 - -1 - (0 - 3). Suppose y*o + 11 = 41. Suppose u - o = -u. List the prime factors of u.
3
Suppose 7*k - 44 = 3*k. What are the prime factors of k?
11
Let i(m) = 6*m**2 + m + 1. Let x be 31/5 - (-1)/(-5). Suppose -x = 3*a - 3. List the prime factors of i(a).
2, 3
Let s = -5 - -8. Suppose s*t + 0*t = 30. What are the prime factors of t?
2, 5
Let g = 67 - 43. Let b be (-2 + g)*(-1)/(-2). Suppose 2*n = 7 + b. List the prime factors of n.
3
Let u(z) = -z - 5. Let q be u(-5). Suppose -5*j + 38 + 27 = q. What are the prime factors of j?
13
Let y be 26 - (-2 - (2 - 2)). Let c(b) = 4*b**3 - b + 1. Let r be c(1). Suppose -4*l - j - 4*j = -26, 5*l + r*j = y. List the prime factors of l.
2
List the prime factors of ((-6)/(-2))/(-6)*-8.
2
Suppose -s - s + 4 = 0. Suppose w + 6 = 3*c, -c - 2*w - s = -11. List the prime factors of (c - 0) + 8 + 0.
11
Let w(a) = a + 5. Suppose -3*n = -7*n. Let d be w(n). Suppose d*t = -0*t + 85. List the prime factors of t.
17
Let g = 2 - -5. What are the prime factors of g?
7
Suppose 5*t + 9 = -6. List the prime factors of t*-2*3/1.
2, 3
Let r(u) = -u**2 + 11*u - 13. List the prime factors of r(7).
3, 5
Suppose -2*x = -3*y - 9, 3 = -3*x + 2*x - y. Suppose x*o = o - 6. What are the prime factors of o?
2, 3
List the prime factors of (0 + 3)/((-3)/(-20)).
2, 5
Suppose -4*w + 9 + 11 = 0. Suppose 2*h - w*g = -h + 48, h - 14 = g. What are the prime factors of h?
11
Suppose -4*g = -m - 26, 2*m = -3*g + 6*g - 17. Let y = g + 25. List the prime factors of y.
2
Suppose -b + 4*v = -29, -2*v - 19 - 18 = -3*b. List the prime factors of b.
3
Let k(l) = 2*l**2 + 2*l + 34. List the prime factors of k(0).
2, 17
Let v = -21 - -31. List the prime factors of v.
2, 5
Let y(b) be the first derivative of b**2/2 - 1. Let r be y(0). Suppose 0*w + 2*w - 8 = r. What are the prime factors of w?
2
Suppose -2*f + 4*k + 2 = 0, 0 = 5*f - 4*k + k - 12. Suppose u = 5*z - 60, z + f*u = -u + 33. List the prime factors of z.
13
Let m = -169 + 266. List the prime factors of m.
97
Suppose 5*a - 4 = -3*i - 0, 5*i = -5*a. Suppose a*z = -z + 48. What are the prime factors of z?
2
Suppose -3*b + 21 = 3*z, -5*z + 0*z + 17 = 3*b. What are the prime factors of b?
3
Let t(m) = 6*m**3 + 2*m**2 - 8*m + 13. Let f(v) = -3*v**3 - v**2 + 4*v - 6. Let g(c) = -7*f(c) - 3*t(c). List the prime factors of g(2).
